be the second derivative of n**4/12 - n**3/2 - 2*n**2 + 10*n. What is the remainder when 39 is divided by d(6)?
11
Let p(i) be the third derivative of i**6/120 + i**5/6 - 3*i**4/8 - 7*i**3/3 - 5*i**2. Calculate the remainder when p(-10) is divided by 0 - (2 + -2 + -26).
24
Let o = 4 - -8. Let t(y) = -3*y + 12. Let k be t(-9). Suppose -126 - k = -5*p. Calculate the remainder when p is divided by o.
9
Let o(v) = -6*v**2 - 2*v + 1. Let h be o(2). Calculate the remainder when 36 is divided by (h/18)/((-6)/52).
10
Suppose -17 + 2 = -b. Let n = 3 + b. Calculate the remainder when n is divided by 7.
4
Let z(g) = 6*g - 10. Let u be z(7). Suppose 0*k + 118 = 2*v + 5*k, 0 = -v - 2*k + 57. Let p = v - u. Calculate the remainder when 49 is divided by p.
15
Let a be (4/6)/(2/12). Suppose a*q + 8 = y, -q - y = -3*y - 5. What is the remainder when 27 is divided by (1 - q) + -2 + 12?
13
Suppose w - 25 = -2. Suppose -h = -11 + 3. Calculate the remainder when w is divided by h.
7
Let t = -110 - -114. What is the remainder when t is divided by 22/6 + 4/(-6)?
1
Suppose 4*u = 3*z - z + 206, 5*u - 265 = -5*z. Suppose -5*k + 0*n + 104 = n, 3*k - 59 = -4*n. Let i = u - k. What is the remainder when i is divided by 11?
9
Suppose -3*c - 6 = -6*c. Let x(s) = -5*s. Let u(q) = 6*q. Let g(z) = -2*u(z) - 3*x(z). Calculate the remainder when g(c) is divided by 4.
2
Suppose -2*m = 3*r + 2*r - 261, 3*r + 5*m - 149 = 0. Calculate the remainder when r is divided by 18.
17
Let a = 5 - -2. Calculate the remainder when a is divided by (-3)/(-2 + 1 - 0).
1
Let a = -1 - 10. Let d = a + 22. Let o(t) = -t**2 + 9*t + 7. What is the remainder when o(7) is divided by d?
10
Let f(d) = 2*d - 8. Calculate the remainder when 16 is divided by f(7).
4
Let x(c) = c**2 + 7*c + 18. What is the remainder when 39 is divided by x(-5)?
7
Let l(r) = 7*r - 11*r - 9*r - 3. What is the remainder when l(-3) is divided by 13?
10
Suppose -2*v - 4 = -4*h, -v + 5 = 3*h - 8. What is the remainder when 27 is divided by 58/v - 1/2?
13
Suppose -3*f = -f - 4. Let v = f + -2. Suppose -2*m + 10 + 2 = v. What is the remainder when 9 is divided by m?
3
Suppose 0*p + 6 = -3*p. Let j = 1 + p. What is the remainder when 33 is divided by (12*2/(-2))/j?
9
Let t(g) = 4*g + 4 - 5*g + 2*g. Let b be t(-3). Suppose -b = -q + 1. Calculate the remainder when 5 is divided by q.
1
Let d = -16 + 16. Let n(c) = 2*c + 4. What is the remainder when 9 is divided by n(d)?
1
Suppose 0 = -2*x + 3*x. Suppose -5*c - 42 = -2*t - 9, x = 5*t - 4*c - 40. Suppose 0 = d, 7*a = 3*a - t*d + 88. What is the remainder when 65 is divided by a?
21
What is the remainder when 115 is divided by -2 + (-5)/((-5)/31)?
28
Let o(t) = 2 + 2 + 0 - 12*t + 7*t. What is the remainder when o(-3) is divided by 11?
8
Let c = 61 - 40. Suppose 0 = 2*l - 4 - 20. Calculate the remainder when c is divided by l.
9
What is the remainder when ((-40)/6)/(-1 - 28/(-36)) is divided by (-10)/(-1) + (3 - 2)?
8
Let q(t) = 4*t + 5. Suppose 80 = 2*s + 2*s + z, s - 4*z - 20 = 0. Suppose -4*m + 2*m = -s. Calculate the remainder when q(6) is divided by m.
9
Let v = -3 + 19. Calculate the remainder when 125 is divided by v.
13
Suppose 0 = 4*i + 35 - 103. Suppose 4*o = 19 + i. What is the remainder when 25 is divided by o?
7
What is the remainder when 21/(-35) + (88/5 - 0) is divided by 9?
8
Let m(v) = v**2 + 12. Let a be m(-9). Let s = 137 - a. Let d = 52 + -37. What is the remainder when s is divided by d?
14
Suppose 0 = 2*m - 4, -2 + 7 = -5*p + 5*m. Let g = 9 + p. What is the remainder when 28 is divided by g?
8
Let u be 1/(-1)*(2 + -4). Suppose -j + 0*z + 11 = -2*z, -u = -2*z. Let w(q) = q**3 + 7*q**2 - 4*q + 8. What is the remainder when w(-7) is divided by j?
10
Let q = -3 - -10. Let d = -31 - -35. What is the remainder when q is divided by d?
3
Let n = 6 + 7. Calculate the remainder when n is divided by 8.
5
Let o be 8/3 - 18/27. Suppose 3*g - 26 = -y - 2*g, 2*y - o*g = 16. What is the remainder when 41 is divided by y?
8
Let m be 17 + (-4)/8*-2. Let f(g) = 4*g - 4. Calculate the remainder when f(m) is divided by 14.
12
Calculate the remainder when 207 is divided by (2 + -15)*(-16)/4.
51
Suppose 0 = -x + 2*b + 42, -x - 2*b + 24 = -30. Let t = x + -32. What is the remainder when t is divided by 9?
7
Let s = -10 - -10. Suppose s = -0*a + 3*a - 15. Suppose -43 + 7 = -4*f. What is the remainder when f is divided by a?
4
Let y(p) = p**2 + 4*p + 3. What is the remainder when 7 is divided by y(-4)?
1
Suppose k = -2*k + 36. Suppose 321 = 4*h - 0*h + 5*j, -2*h + 2*j = -174. Let g = 119 - h. What is the remainder when g is divided by k?
11
Suppose -3*r = -2*t + 26, -2*t - 2*t + 5*r + 50 = 0. Suppose 5*s + 190 = -5*w, 1 - 5 = 2*w. Let d = -18 - s. What is the remainder when d is divided by t?
8
Let f(q) = -q**3 - q**2 + 44. Let m be f(0). Let j = m + -26. Calculate the remainder when 52 is divided by j.
16
What is the remainder when (2/(-14))/(-1) - (-1610)/49 is divided by 14?
5
Suppose -u - 3*x = 3 - 13, 4*u = -5*x + 26. Calculate the remainder when 15 is divided by u.
3
Suppose w - 12 - 20 = 0. Suppose -w = -3*o + 169. Calculate the remainder when o is divided by 34.
33
Let y(s) = 3*s. Let g be y(10). Suppose 2*u = -0*u + g. Suppose -1 = -w + u. What is the remainder when 31 is divided by w?
15
Let d = -61 - -104. Suppose -2*s + 12 + 32 = 0. What is the remainder when d is divided by s?
21
Suppose 0 = -3*c - 3*c + 126. What is the remainder when c is divided by 6?
3
Let l(y) be the second derivative of -y**4/12 + y**3/3 + 2*y**2 - 5*y. Suppose 2*a = 3 + 3. Calculate the remainder when l(0) is divided by a.
1
Let b(m) = -m**3 + 6*m**2 + 3*m - 7. Let d be b(6). Suppose d = 5*n - w - 21, -5*n + 2*w + 34 = 0. What is the remainder when 2/(n/3)*13 is divided by 7?
6
Let c = -112 + 160. What is the remainder when c is divided by 26?
22
Suppose -3 + 63 = 4*z. Calculate the remainder when 25 is divided by z.
10
Suppose -165*c + 20 = -161*c. Calculate the remainder when 77 is divided by c.
2
Let d = 73 - 25. What is the remainder when d is divided by 17?
14
Let g = -53 + 6. Let j = 71 + g. Calculate the remainder when j is divided by 13.
11
Let c(d) = -3*d + 6*d + 7 + 12*d - d**2. What is the remainder when c(11) is divided by 26?
25
Suppose 2*r + 3*v = 41, 0 = 4*r + r - 5*v - 140. What is the remainder when r is divided by 9?
7
Suppose 0*h + 54 = 6*h. What is the remainder when 98 is divided by h?
8
Suppose -3*j = -0*j + 6. Let w(k) be the second derivative of -k**5/10 - k**4/6 - 2*k**3/3 - 3*k**2/2 + 2*k. What is the remainder when w(j) is divided by 7?
6
Suppose 2*o - 148 = -3*r, 0 = -4*r + r - 12. Suppose t = 6*t - o. Let n(q) = 31*q**2 + q - 1. Calculate the remainder when n(1) is divided by t.
15
Let r = 68 - -23. Calculate the remainder when r is divided by 23.
22
Suppose 3*v - 11 = 5*b, 4*v - 53 = -2*b + b. Calculate the remainder when v is divided by 7.
5
Let i be 10/35 - 16/7. Let r be 4 + -2 - i/(-1). Suppose -2*j + 5*j - 27 = r. What is the remainder when 26 is divided by j?
8
Suppose 5*y - 32 = -2. Let j(c) = c**2 - 5*c + 4. Let n(u) = 15*u - 2. Calculate the remainder when n(2) is divided by j(y).
8
Let q(o) = o + 5. Calculate the remainder when q(14) is divided by 7.
5
Let g be -4 - 13/(52/(-120)). Let p = g + -17. Calculate the remainder when p is divided by 3.
0
Let b(q) = q + 10. Let v be -6 + -1 + 0 + 3. Let n = v - -13. What is the remainder when b(n) is divided by 7?
5
Suppose 0*k + 32 = -5*k + f, -5*k + 2*f = 29. Let b(q) = -2*q. What is the remainder when 25 is divided by b(k)?
11
Let t(y) = -y**3 - 6*y**2 + y + 7. Let g be (-2)/(2*1/8). Let a = g + 2. Calculate the remainder when 1 is divided by t(a).
0
Let o(b) = b**3 + 10*b**2 - b - 10. Let l be o(-10). What is the remainder when (1 - l)*45/5 is divided by 5?
4
Let i(y) = y**3 + 7*y**2 + 5*y + 10. What is the remainder when i(-5) is divided by 13 + (0 - 2) + 1?
11
Let a(n) = n**2 + 8*n + 10. Let t be a(-7). Suppose -1 - 101 = -t*o. Calculate the remainder when o is divided by 9.
7
Let k = 21 - 12. Suppose 3*h - 45 - 215 = -5*w, -2*w - 2*h = -104. Suppose 10*n + w = 12*n. What is the remainder when n is divided by k?
8
Let o = 62 + -60. Calculate the remainder when 5 is divided by o.
1
Suppose -7*q + 192 + 102 = 0. Calcu